
True
Is 896263 composite?
False
Is 1307638 a prime number?
False
Is 861103 prime?
False
Is 6506737 a prime number?
False
Is 1546747 composite?
True
Is 1450159 a composite number?
True
Is 129754 a prime number?
False
Is 117101 a prime number?
True
Is 9165727 composite?
True
Is 4401737 prime?
True
Is 71057411 a composite number?
True
Is 65960957 prime?
True
Is 71052335 composite?
True
Is 34245691 prime?
True
Is 93581399 composite?
True
Is 14301041 a composite number?
False
Is 214235171 a composite number?
True
Is 7285441 a composite number?
False
Is 136701622 a prime number?
False
Is 24264631 a composite number?
True
Is 25265371 a prime number?
False
Is 25599967 a prime number?
False
Is 4756357 prime?
True
Is 707284177 a composite number?
True
Is 27489521 composite?
True
Is 1186847 a composite number?
False
Is 14542907 a prime number?
True
Is 166454 a composite number?
True
Is 83486333 composite?
True
Is 14356469 a prime number?
False
Is 3492091 composite?
False
Is 6643807 a prime number?
True
Is 71069653 a composite number?
True
Is 1830613 composite?
False
Is 252900833 a prime number?
False
Is 43435487 a prime number?
True
Is 63613999 prime?
True
Is 8338933 a composite number?
False
Is 184559933 a composite number?
False
Is 2591093 prime?
True
Is 4698119 a prime number?
False
Is 1463753 a prime number?
False
Is 3155897 prime?
False
Is 17755391 prime?
True
Is 69185579 a prime number?
True
Is 15851677 a prime number?
False
Is 495298 composite?
True
Is 212622989 a prime number?
True
Is 7323629 composite?
True
Is 19561379 a composite number?
True
Is 1086413 composite?
False
Is 405857 composite?
False
Is 4989779 a prime number?
True
Is 1256209 prime?
True
Is 176579633 a prime number?
False
Is 591655973 prime?
False
Is 887377 composite?
False
Is 26022341 prime?
True
Is 4498361 a composite number?
True
Is 274146677 prime?
False
Is 7619827 composite?
False
Is 9891517 composite?
False
Is 1447189 prime?
True
Is 8707781 a prime number?
True
Is 160389631 composite?
True
Is 18880931 a prime number?
False
Is 1470757 composite?
False
Is 295049 composite?
False
Is 3847127 prime?
True
Is 609605714 a prime number?
False
Is 12633893 a prime number?
False
Is 82371551 prime?
False
Is 4052189 prime?
False
Is 20423843 composite?
True
Is 3588707 a composite number?
False
Is 14078795 prime?
False
Is 3424717 prime?
False
Is 9682811 composite?
False
Is 474952371 a composite number?
True
Is 1676503 a prime number?
False
Is 114131 a prime number?
False
Is 65205005 a composite number?
True
Is 40392181 prime?
False
Is 52312727 a composite number?
False
Is 244990217 prime?
True
Is 766247 prime?
True
Is 4783643 prime?
True
Is 268607431 composite?
True
Is 13914447 prime?
False
Is 3265099 a composite number?
False
Is 25563539 a composite number?
True
Is 9993527 a prime number?
True
Is 13333821 a prime number?
False
Is 134502139 a prime number?
False
Is 23012755 prime?
False
Is 184927 a composite number?
True
Is 77274337 a composite number?
True
Is 4312982 a composite number?
True
Is 419617301 prime?
True
Is 3723467 a prime number?
False
Is 41599471 a prime number?
True
Is 344759 a composite number?
False
Is 188850679 a prime number?
True
Is 6735989 composite?
True
Is 36175801 composite?
False
Is 450469 a composite number?
True
Is 4921811 a composite number?
False
Is 4798307 a composite number?
False
Is 1374832281 prime?
False
Is 14169377 composite?
False
Is 23217947 composite?
True
Is 17298487 a prime number?
True
Is 137113127 a prime number?
True
Is 113642015 prime?
False
Is 33610873 composite?
False
Is 176626847 a composite number?
True
Is 992051 a prime number?
True
Is 235661 prime?
True
Is 61475341 composite?
True
Is 16068251 composite?
False
Is 929533 composite?
True
Is 2522657 composite?
False
Is 1589827 a composite number?
False
Is 15078353 a composite number?
True
Is 190453 a composite number?
True
Is 43546853 a composite number?
True
Is 72917279 a composite number?
True
Is 5018911 composite?
False
Is 32432381 composite?
True
Is 540871 prime?
True
Is 151820597 prime?
False
Is 93771959 a prime number?
True
Is 1016551 a prime number?
False
Is 20843674 composite?
True
Is 976259 a composite number?
True
Is 4038263 prime?
False
Is 1630021 prime?
True
Is 52193563 a prime number?
True
Is 80352043 a prime number?
True
Is 120277589 composite?
False
Is 121557481 a prime number?
True
Is 113049283 a prime number?
True
Is 2021303 a prime number?
False
Is 4395857 composite?
False
Is 146648906 a prime number?
False
Is 10535281 a prime number?
False
Is 5184741 prime?
False
Is 3744917 a prime number?
False
Is 13904003 a prime number?
True
Is 296381747 prime?
False
Is 1372933 composite?
False
Is 104793631 a composite number?
False
Is 83995531 prime?
False
Is 965927 a composite number?
False
Is 509968237 a composite number?
True
Is 14283658 a prime number?
False
Is 5027497 a prime number?
False
Is 110203181 composite?
True
Is 1862711 a composite number?
False
Is 106780949 prime?
False
Is 105255811 composite?
True
Is 4182589 a composite number?
False
Is 20045383 composite?
True
Is 18686357 a composite number?
False
Is 2461477 a composite number?
False
Is 748459451 composite?
False
Is 2425771 prime?
False
Is 21999973 a prime number?
True
Is 9060977 a composite number?
True
Is 26571533 composite?
False
Is 8270911 a composite number?
True
Is 2757529 a composite number?
False
Is 4816367 prime?
False
Is 823117 prime?
True
Is 13815241 a composite number?
True
Is 535099 a composite number?
False
Is 40286681 composite?
False
Is 12727343 a composite number?
True
Is 30126149 prime?
False
Is 13597777 prime?
True
Is 2375411 prime?
True
Is 6627083 prime?
True
Is 110142629 composite?
True
Is 3753679 prime?
True
Is 179663027 composite?
True
Is 85484753 composite?
False
Is 187406515 prime?
False
Is 14509637 composite?
False
Is 4366529 a prime number?
False
Is 1026139 a prime number?
True
Is 7796843 a prime number?
True
Is 18710723 composite?
False
Is 47181791 prime?
True
Is 2364353 a composite number?
False
Is 827993 a composite number?
True
Is 97389847 composite?
True
Is 2838047 composite?
False
Is 5742866 prime?
False
Is 189479 composite?
False
Is 11368433 composite?
True
Is 20096081 composite?
False
Is 3541319 a prime number?
True
Is 10370341 prime?
True
Is 641642887 a prime number?
True
Is 21516793 composite?
True
Is 17188889 composite?
True
Is 1053592273 a prime number?
True
Is 30965191 prime?
True
Is 9717359 a composite number?
True
Is 85872361 a prime number?
True
Is 562469 a prime number?
False
Is 14053279 prime?
True
Is 481328027 a prime number?
False
Is 6207083 prime?
False
Is 6007867 composite?
False
Is 7821811 a composite number?
False
Is 51313631 a composite number?
False
Is 431400133 prime?
True
Is 387299711 prime?
False
Is 222227651 prime?
True
Is 5394437 a composite number?
False
Is 5747311 a composite number?
True
Is 279733 a prime number?
False
Is 1494659 a prime number?
True
Is 21608227 a prime number?
True
Is 482770567 composite?
False
Is 20837827 composite?
True
Is 6883 prime?
True
Is 154763095 composite?
True
Is 6184777 composite?
True
Is 17023169 composite?
False
Is 49194809 a prime number?
True
Is 794102327 prime?
False
Is 1539859 a composite number?
False
Is 2476273 prime?
True
Is 147350239 composite?
False
Is 17794723 a prime number?
True
Is 257223163 composite?
False
Is 35846087 prime?
False
Is 79845835 a prime number?
False
Is 57192419 a composite number?
True
Is 7040167 a composite number?
True
Is 231283183 composite?
True
Is 31648159 a composite number?
True
Is 53639389 composite?
False
Is 66312523 composite?
True
Is 428191 a composite number?
True
Is 19594033 composite?
True
Is 88590959 a prime number?
True
Is 321149 composite?
True
Is 3047893 a composite number?
True
Is 7929553 composite?
True
Is 8013529 composite?
True
Is 813884977 a prime number?
False
Is 100927201 a prime number?
True
Is 10512739 prime?
False
Is 3818321 a prime number?
False
Is 14191319 a composite number?
False
Is 9653335 a composite number?
True
Is 112975886 a prime number?
False
Is 37064855 prime?
False
Is 61129577 composite?
False
Is 3657791 composite?
False
Is 42631561 a prime number?
False
Is 14398435 a composite number?
True
Is 190839041 a prime number?
False
Is 536687 prime?
True
Is 932531 c